 7) in base 13?
-51724
-aa318 (base 11) to base 7
-1234525
What is 1143131 (base 8) in base 3?
120220020200
-21347 (base 12) to base 14
-11cc7
What is 61532 (base 7) in base 4?
3222221
What is 19746 (base 13) in base 6?
1021303
What is 4432132 (base 7) in base 15?
abaaa
What is -243441231 (base 5) in base 9?
-2151430
Convert c9633 (base 14) to base 6.
14234113
What is -111000110001001101001 (base 2) in base 11?
-1060662
What is 8822b (base 13) in base 2?
111100001010100111
What is 70004 (base 10) in base 16?
11174
What is 102130032 (base 4) in base 11?
51828
-301428 (base 9) to base 15
-37c1b
Convert -4200401 (base 5) to base 3.
-10111110001
What is 5305514 (base 10) in base 4?
110033102222
What is -457041 (base 9) in base 2?
-1000010111011011101
-10010011001101100 (base 2) to base 6
-1340540
What is -42b7c (base 15) in base 5?
-23234332
7a556 (base 14) to base 16
489c0
-11226033 (base 7) to base 9
-1755556
16965a (base 12) to base 4
1133021212
8233d (base 16) to base 9
1002505
What is 331403320 (base 5) in base 7?
15124123
Convert -23442 (base 5) to base 6.
-12031
Convert -10001110001101110100 (base 2) to base 8.
-2161564
112221101220 (base 3) to base 16
47cc1
Convert -47ab6 (base 13) to base 4.
-200012012
-1a4936 (base 12) to base 5
-104330232
What is 2612231 (base 8) in base 4?
2301102121
10011011011100101011101 (base 2) to base 3
100120210021111
What is 2246b2 (base 12) in base 15?
ac14b
What is 667132 (base 8) in base 2?
110110111001011010
Convert 576223 (base 9) to base 4.
1110122001
Convert 2636145 (base 8) to base 7.
6154546
Convert -122020001202 (base 3) to base 9.
-566052
Convert 112013223 (base 5) to base 16.
7a547
-12131613 (base 8) to base 16
-28b38b
Convert -183401 (base 9) to base 2.
-11011110110000001
What is 4244412 (base 6) in base 9?
346748
What is 5947194 (base 10) in base 6?
331245150
What is 1045ab (base 13) in base 5?
44143232
-43401451 (base 6) to base 15
-1a78a7
26424612 (base 7) to base 16
25073d
6841 (base 16) to base 4
12201001
-1451048 (base 9) to base 10
-801215
Convert -105355a (base 12) to base 4.
-23303301112
What is -101110100001100100001 (base 2) in base 14?
-2b981b
Convert 210000212100 (base 3) to base 16.
65115
Convert 1235641 (base 7) to base 14.
426c8
110122122220 (base 3) to base 12
100180
Convert -1996a1 (base 13) to base 9.
-1188550
Convert 300034 (base 8) to base 9.
158787
Convert 266407 (base 8) to base 14.
260ab
1430234 (base 5) to base 12
15499
-33102303 (base 4) to base 10
-62643
Convert 2221220102101 (base 3) to base 11.
984702
Convert 13223122111 (base 4) to base 15.
29b5d1
-1106028 (base 10) to base 9
-2065160
What is 2143305 (base 6) in base 15?
21aa8
-5a2242 (base 11) to base 16
-e90f7
Convert 23320200 (base 4) to base 5.
3024142
Convert 183320 (base 11) to base 2.
1000100111110111101
Convert c52aa6 (base 14) to base 9.
13460866
Convert 1841684 (base 9) to base 4.
3323303020
Convert -4457445 (base 9) to base 2.
-1001001001111111101001
Convert c276c (base 14) to base 5.
104433243
-1124112 (base 7) to base 6
-3003200
Convert 88d6a (base 16) to base 4.
2020311222
What is -360855 (base 10) in base 2?
-1011000000110010111
What is -2606117 (base 12) in base 14?
-dc8439
What is -11011000001010000 (base 2) in base 14?
-2c492
What is -1137305 (base 9) in base 8?
-2262144
453002 (base 6) to base 8
112532
What is -2ad31 (base 14) in base 6?
-2142423
What is 10222122120221 (base 3) in base 15?
2bcc54
What is -45266261 (base 7) in base 10?
-3932636
Convert -90a2d2 (base 14) to base 12.
-1769468
1662451 (base 9) to base 14
1a1b33
What is -1554ca (base 14) in base 12?
-2baa8a
Convert 222133220 (base 4) to base 13.
612bc
68027 (base 11) to base 16
180db
-11000001111000011101 (base 2) to base 9
-1440318
What is 153152 (base 6) in base 15?
4682
Convert -2004010201 (base 5) to base 12.
-13b5156
What is 30410013 (base 5) in base 2?
111100011011010100
What is -2243263 (base 7) in base 2?
-1000100010010001000
What is 1163122 (base 10) in base 16?
11bf72
Convert -4023032043 (base 5) to base 2.
-11110100101011101101101
Convert -1000100010101101111100 (base 2) to base 7.
-25014510
-312617 (base 9) to base 7
-1402210
Convert -1000210101220 (base 3) to base 15.
-ac149
-21651b (base 12) to base 14
-dad83
Convert -19855416 (base 10) to base 11.
-10231739
2012022002102 (base 3) to base 5
244322234
Convert 24a1d8 (base 14) to base 11.
789563
-7120765 (base 9) to base 13
-a2a514
-36214163 (base 7) to base 10
-3214004
1100100101110101 (base 2) to base 15
10433
-540603 (base 8) to base 13
-64292
-254665 (base 12) to base 5
-123443242
12a9b (base 13) to base 7
203244
Convert -167230 (base 10) to base 16.
-28d3e
What is -1122022221 (base 4) in base 5?
-43304241
What is -2442172 (base 12) in base 5?
-3301211201
15405240 (base 6) to base 3
1000201021120
Convert 13305 (base 14) to base 4.
23202021
Convert -110100200210 (base 3) to base 10.
-243264
What is -39249 (base 12) in base 11?
-53755
What is -3278a (base 13) in base 11?
-62718
Convert -b746 (base 13) to base 2.
-110001101000000
What is -4438430 (base 11) in base 3?
-112122112202012
Convert -1e30 (base 15) to base 10.
-6570
What is -6326c (base 13) in base 8?
-534321
440242430 (base 5) to base 16
1cbfd3
111000111011110100110 (base 2) to base 8
7073646
What is -414201153 (base 6) in base 5?
-3320411421
Convert -25eee5 (base 15) to base 12.
-73a822
Convert -411101 (base 9) to base 15.
-4c27d
Convert 10101100001001000 (base 2) to base 4.
111201020
What is -13a968 (base 11) in base 3?
-102011000200
56147 (base 10) to base 5
3244042
Convert -88783 (base 15) to base 6.
-13143510
11111022000010 (base 3) to base 4
21012320112
Convert 1627428 (base 9) to base 4.
3130301312
What is 143466 (base 8) in base 2?
1100011100110110
What is 10100011000001101010 (base 2) in base 14?
1354ca
Convert -1c988c4 (base 13) to base 12.
-324b626
Convert 200021002233 (base 4) to base 14.
11947dd
What is -33225115 (base 6) in base 14?
-1c0127
Convert -704565 (base 10) to base 4.
-2230000311
What is -4c14c (base 14) in base 15?
-3a571
1500411 (base 6) to base 11
59418
What is 33647 (base 11) in base 9?
73713
-1060535 (base 7) to base 2
-100000010011100110
Convert -1022200102122201 (base 3) to base 4.
-1020111230122
Convert -1a339 (base 14) to base 3.
-10101012210
482128 (base 10) to base 14
c79ba
What is 2112121100 (base 3) in base 5?
3100023
3200201133 (base 4) to base 6
31413343
6423213 (base 7) to base 15
105c76
1193820 (base 12) to base 13
9302ac
What is 5b2734 (base 13) in base 12?
88b4a8
What is 11220021200002 (base 3) in base 7?
31063046
-870d0c (base 16) to base 11
-4aa5731
151394a (base 13) to base 16
668a09
Convert 21c2a8 (base 16) to base 6.
115231052
Convert -3c9d95 (base 14) to base 11.
-1206163
Convert -10110010001021 (base 3) to base 2.
-110111111011100100100
Convert 11011002 (base 5) to base 11.
65001
110101111010001001110 (base 2) to base 11
aa71aa
-10a255 (base 12) to base 3
-111112112002
What is -212000222 (base 4) in base 15?
-311e5
-121350443 (base 6) to base 2
-1000110101011101011011
What is 2467950 (base 12) in base 3?
111100222110020
What is -524321 (base 7) in base 16?
-16103
What is -43213003 (base 5) in base 8?
-1314044
Convert 223313032 (base 4) to base 12.
87b7a
4402143012 (base 5) to base 6
533423133
157436 (base 9) to base 12
48396
-322111102 (base 5) to base 12
-558b25
Convert 1942697 (base 10) to base 3.
10122200212202
10144212 (base 5) to base 13
2c4b2
What is 1301324 (base 7) in base 14?
45614
Convert 2113425 (base 11) to base 9.
7004380
Convert -561600 (base 7) to base 2.
-11000001100000110
-491829 (base 11) to base 3
-1110112122001
Convert -39212 (base 11) to base 7.
-322503
What is 11100101001101111110 (base 2) in base 8?
3451576
What is 201581 (base 11) in base 3?
121110121201
Convert -1042650 (base 7) to base 13.
-464ca
44242110 (base 5) to base 3
201111210100
6542043 (base 7) to base 8
3032772
-232a8b (base 12) to base 13
-16a15c
What is -535702 (base 10) in base 6?
-15252034
What is 532825 (base 13) in base 10?
1947925
What is -35702 (base 12) in base 5?
-4244413
What is -1010000222000210 (base 3) in base 10?
-15962205
What is -451540 (base 6) in base 10?
-38004
What is 10002102111 (base 3) in base 12?
2b241
What is 42154014 (base 6) in base 12?
4b290a
What i